
2, 3, 5
Let v = 101 - 60. Let d(u) = u**3 + 4*u**2 - 9*u - 5. Let j be d(-6). Let a = v + j. List the prime factors of a.
2, 3
Let n be (-2 + 3/1)*4. Suppose 0 = -5*g - 2*j + 56, 2*g + n*j = -10 + 42. List the prime factors of g.
2, 5
Suppose 4*l + 3*q = -q + 64, -2*q + 51 = 3*l. List the prime factors of l.
19
Let w(x) = -3*x**3 - 2*x**2 - 3*x - 2. Let a be w(-2). Let o = a - 9. What are the prime factors of o?
11
Suppose -44 = -5*a + 3*a. Let j = 10 + a. List the prime factors of j.
2
Suppose 0 = -3*r + 4*p + 62, -4*r - 2*p + 112 = r. List the prime factors of r.
2, 11
Let r = 263 + -187. List the prime factors of r.
2, 19
Suppose 0 = -4*l + 5 - 13. Let a be 1/l*2*12. List the prime factors of a/(-15)*5/2.
2
Suppose 5*l = 5, -5*l + 4 = -p + 25. What are the prime factors of p?
2, 13
Suppose -5*g = -15, 0 = -m + 4*g + 40. What are the prime factors of m?
2, 13
Suppose t + 15 = -1. Let d = -3 - t. List the prime factors of d.
13
Let o = -84 + 121. List the prime factors of o.
37
Suppose 111 = 14*v - 11*v. What are the prime factors of v?
37
Let j(h) = h**2 - 3*h - 6. Let b(g) = -5 + 4 - 3*g**2 + 5*g**2 - 4*g**3. Let u be b(-1). List the prime factors of j(u).
2
Let h(p) = -3*p + 23. Let x(t) = t + 6. Let c(j) = -j + 1. Let u(g) = 2*c(g) + x(g). Let q(b) = 4*h(b) - 11*u(b). What are the prime factors of q(-5)?
3
Let p = -5 + 7. Suppose -3*c = -p*c + 4. List the prime factors of 2*-4*6/c.
2, 3
Let l(b) = b**2 + 3*b - 3. List the prime factors of l(-7).
5
Suppose 3*s - 219 = -4*g, 0 = -2*s + 4*g - 0*g + 126. List the prime factors of s.
3, 23
Let n be ((-3)/(-9))/(2/18). Suppose -2 - 79 = -n*u. What are the prime factors of u?
3
Let p be 0/((-6)/(-1 - 2)). Suppose 4*q + 3*w = -w + 52, p = 5*q + w - 77. List the prime factors of q.
2
What are the prime factors of ((-4)/(40/(-75)))/((-3)/(-90))?
3, 5
Let g be 14/(-3)*3/(-2). Let s = 10 + g. What are the prime factors of s?
17
Suppose 3*m - 20 = 22. What are the prime factors of m?
2, 7
Let s be 8/(-5)*(-10)/4. Let c be (s/12)/((-2)/(-6)). List the prime factors of c - 6/(-9)*6.
5
Let z = 180 - 78. List the prime factors of z.
2, 3, 17
Suppose -6*j = -2*j - 8. Suppose -j*t + 1 + 5 = 0. Suppose 0 = 2*f - 3*k - 13, -4*k - 36 = -t*f - f. List the prime factors of f.
2, 7
Let r(s) = 3 + 3*s - 3*s + 2*s. Let l(z) = 2*z + 4. Let d(f) = -3*l(f) + 4*r(f). List the prime factors of d(4).
2
What are the prime factors of (22*6/15)/(2/10)?
2, 11
Suppose -4*f + 168 = -548. What are the prime factors of f?
179
Let p be (-2)/(-8) + 11/4. Suppose -4*o + 5*x + 89 = 0, -2*o = 2*o - p*x - 79. List the prime factors of o.
2
Let r(s) = -3*s**3 + 0*s**3 - 1 + 5*s - 7*s - 2*s**2 - 6*s**3. Let v = 0 - 1. What are the prime factors of r(v)?
2
Suppose -3*j = -3*c - 12 - 102, 3*j - 122 = 5*c. What are the prime factors of j?
2, 17
Suppose -3*g - 15 = -8*g. Suppose 0 = -3*v - 18 - g. List the prime factors of (v/4)/((-1)/8).
2, 7
Let i(r) = 9*r**3 - 3*r**2 + r + 1. Let w be i(2). Suppose -2*x = -w + 9. List the prime factors of x.
3
Suppose 2*w = -w + n + 11, 0 = w - 2*n - 12. Suppose 0 = -2*a + 4*r + 50, 4*a + 6*r - w*r = 124. What are the prime factors of a?
29
Suppose -k + 49 = 4*r, 2*k + r = 6*r + 111. Let s = k + -32. Suppose 0 = -2*a - 3 + s. List the prime factors of a.
3
Let d = 9 + -4. Suppose 2*r + 4 = 3*r - 2*n, 3 = -n. What are the prime factors of 1/(-2)*d*r?
5
Suppose -5*v + 59 = -36. Let k(h) = -h**2 - h + 4. Let p be k(3). Let w = p + v. What are the prime factors of w?
11
Let o(d) = -2*d + 1. Let g be o(-1). Suppose 3*j = r - 14, -r - 2*j + 2 = g. Suppose -p + 31 = 3*w, -18 - 7 = r*p. List the prime factors of w.
2, 3
Suppose 12 = 5*s - 13. Suppose -190 = -5*i + s*g, g + 190 = 5*i + 5*g. What are the prime factors of i?
2, 19
Let u = -67 + 4. Let v = u + 31. Let q = -21 - v. List the prime factors of q.
11
Suppose -5 - 10 = -5*m. Suppose m*w - 21 = -4*i + 35, 0 = 3*w. List the prime factors of i.
2, 7
Suppose 0 = 8*a + a - 909. What are the prime factors of a?
101
Let r = -8 - -5. Let i(j) = -j**3 - 2*j**2 + j + 3. What are the prime factors of i(r)?
3
Let c = -133 + 237. Let k = -74 + c. List the prime factors of k.
2, 3, 5
Let d(s) = 12*s + 16. List the prime factors of d(6).
2, 11
Let h = 49 - -142. What are the prime factors of h?
191
Let m(k) = k**3 + 5*k**2 - 2. Let d be m(-5). Let y be d*((0 - 1) + 3). What are the prime factors of (1 + 5)*(-6)/y?
3
Let w = 46 - -15. Let m = w + -42. What are the prime factors of m?
19
Let c(a) = 6 - 3*a - 11 + a. List the prime factors of c(-6).
7
Let n(m) = -18*m. Let h be n(-1). Suppose 2*b - 40 = h. What are the prime factors of b?
29
Let b(u) = -u**2 - 9*u + 3. Let t be b(-9). Let v = -2 + 4. Suppose -5*h - 28 = -n, -t*n = n + 2*h - v. List the prime factors of n.
3
List the prime factors of (-52)/(-6) - 4/6.
2
Suppose 0*h + h - 9 = 0. What are the prime factors of h?
3
Let b(h) = h**3 - h**2 - 2*h + 4. Let c be b(2). What are the prime factors of 6 - c - 38/(-2)?
3, 7
Suppose -5*o = -4*o - 7. Suppose -2*h = o - 27. What are the prime factors of h?
2, 5
Suppose 0 = -3*x + 2*i + 13, 0 = 4*i + 1 - 5. Suppose 2*r = -3*c + 40, x*c - 76 = -0*c - r. List the prime factors of c.
2
Let r = 6 - 0. Let l = 101 - 60. Suppose 5*d - l = 3*x - r, -2*d = x - 25. What are the prime factors of d?
2, 5
Suppose 0 = -3*w - a - 0*a + 8, 0 = 5*w + a - 16. Suppose -s - 4*t + 39 = 0, s + w*t + t - 42 = 0. What are the prime factors of s?
3
Let n be (-4)/14 - 180/(-42). Suppose n*u - 30 = -2*g, -u + g = 3*g - 12. List the prime factors of ((-8)/6)/((-2)/u).
2
Let n be 2 + -3*2/(-6). Suppose -n*x - 7 = -46. Let l = 22 - x. What are the prime factors of l?
3
Let m be -2*1*21/(-6). Let t(r) = -r**2 + 10*r - 2. What are the prime factors of t(m)?
19
Let f(w) = -11*w - 3. Let n = 2 - 3. Let t be (n - -2) + -1 + -2. What are the prime factors of f(t)?
19
Let o(v) = -15*v - 1. Let s be o(-1). What are the prime factors of 272/s + (-6)/14?
19
Suppose z + 5*q - 22 = 0, -2*z + q - 4*q + 23 = 0. Suppose 0 = -c - 4*k + 7, 2*c - 7 - z = k. What are the prime factors of c?
7
Let o(i) be the first derivative of i**3 + i**2/2 - i + 3. Let x be o(-2). Let g = x - 5. List the prime factors of g.
2
Let x(t) = -t**3 - 4*t**2 + 4*t + 1. Let p be x(-5). Suppose 1 = c + p, 4*g + 5*c = -13. Suppose 5*q - 22 = g. List the prime factors of q.
5
Let l(x) = x**3 - 3*x**2 + 2*x + 1. What are the prime factors of l(7)?
211
What are the prime factors of (-805)/(-6) + 19/(-114)?
2, 67
Suppose -4 = 5*l - 19. Suppose -l = r, 11 = 4*u + r - 2. Suppose -y + 5*n = -5*y + 16, -u*n = 0. List the prime factors of y.
2
Suppose -2*r = -l - 12, -3*r - 8 - 1 = 3*l. Let w(n) = n**3 + 6*n**2 + 7. What are the prime factors of w(l)?
7
Suppose 0 = -2*r + x + 32, -4*x - 55 = -5*r + 31. Suppose -54 = -4*f + 4*c + r, -3*c = 3*f - 51. List the prime factors of f.
17
Let c(l) = 58*l**3 + l**2 + l - 1. List the prime factors of c(1).
59
Suppose -p = 2*a - 287, 6*p = 5*p + 4*a + 257. List the prime factors of p.
277
Suppose 25*u - 29*u = -8. Let x be 1/4 + 174/8. Suppose 0 = -z + u*i - 6 + 22, z = -i + x. List the prime factors of z.
2, 5
Suppose h = -3*i + 110, -165 = -2*i - 2*i - 5*h. What are the prime factors of (-60)/i*1*-7?
2, 3
Suppose 969 = 5*b - 4*r, -3*b - 3*r = 279 - 855. List the prime factors of b.
193
Let f(k) = k - 1. Let g(r) = r**3 + 4*r**2 - 4*r + 4. Let t(v) = -5*f(v) - g(v). What are the prime factors of t(-5)?
31
Let b(p) = p**3 + p**2 - 3*p - 2. Let v be b(-2). Suppose w = -v - 6. Let n(q) = -q - 3. What are the prime factors of n(w)?
3
Let g(i) = -i - 2. Let y be g(-4). Suppose -9 = -5*v - 3*s, -v + y*s = 7*s + 7. List the prime factors of v.
3
Let m(a) = a**3 - 15*a**2 + a + 4. Let g(b) = -12 + 0 + 49*b**2 - 3*b**3 - 4*b - 5*b**2. Let c(k) = 6*g(k) + 17*m(k). List the prime factors of c(8).
2
Suppose -2*r + 2*p + 474 = -0*r, -4*r + 942 = -2*p. List the prime factors of r.
2, 3, 13
Let l = 3 + -6. List the prime factors of 0/l - -14 - 2.
2, 3
Suppose 2*u - 5*a - 21 = 0, 4*u - 4*a - 20 = 2*u. Let b = u + -6. Suppose -3*l = -w + 14 + b, -8 = w + 5*l. What are the prime factors of w?
7
Let v = 42 - -29. List the prime factors of v.
71
Let g(s) = s**3 + 7*s**2 - 7*s + 10. Let x be g(-8). Suppose -2*v - 4*f = -42, -x*v 